{"id":8,"date":"2024-04-25T15:26:38","date_gmt":"2024-04-25T15:26:38","guid":{"rendered":"https:\/\/fda-mitte.de\/?page_id=8"},"modified":"2025-03-26T18:53:05","modified_gmt":"2025-03-26T18:53:05","slug":"ausschreibungen","status":"publish","type":"page","link":"https:\/\/fda-mitte.de\/index.php\/ausschreibungen\/","title":{"rendered":"Ausschreibungen"},"content":{"rendered":"\n<p><strong>Schreibwettbewerb \u201eErwachsene und andere komische Wesen\u201c<\/strong><\/p>\n\n\n\n<p>Liebe talentierte Nachwuchsautoren und kreative Geister im Alter von 12 bis 18 Jahren,&nbsp;<\/p>\n\n\n\n<p>ihr seid herzlich dazu eingeladen euer schriftstellerisches Talent unter Beweis zu stellen und an unserem Schreibwettbewerb teilzunehmen! Das diesj\u00e4hrige Thema lautet \u201eErwachsene und andere komische Wesen\u201c, und wir k\u00f6nnen es kaum erwarten, dass eure spannenden Geschichten uns zum lachen, schmunzeln, trauern oder gruseln bringen.<\/p>\n\n\n\n<p><strong>Teilnahmebedingungen:<\/strong><\/p>\n\n\n\n<ul class=\"wp-block-list\">\n<li>Schreibt eine Geschichte. Sie sollte nicht mehr als 4000 W\u00f6rter lang sein. <\/li>\n\n\n\n<li>Teilnehmen d\u00fcrft ihr, wenn ihr im Alter von 12 bis 18 Jahren seid und in Th\u00fcringen, Sachsen oder Sachsen-Anhalt wohnt. Euren Text m\u00fcsst ihr selbst erfunden und geschrieben haben.<\/li>\n\n\n\n<li>Eure Geschichten k\u00f6nnt ihr bis zum 31.08.2025 bei uns einsenden. Unsere Jury w\u00e4hlt dann die besten Geschichten aus.<\/li>\n<\/ul>\n\n\n\n<p><strong>Warum mitmachen?<\/strong><\/p>\n\n\n\n<ul class=\"wp-block-list\">\n<li>Die preisgekr\u00f6nten Texte sollen auch ein tolles Ambiente bekommen: Wir laden alle Finalisten am zu einer \u00f6ffentlichen Lesung und sp\u00e4teren Siegerehrung ein. Vielleicht wird das ja euer erster Auftritt im Rampenlicht \u2013 lasst ihn uns also unvergesslich machen!<\/li>\n\n\n\n<li>Die besten Einsendungen gewinnen tolle Geld- und Sachpreise oder eine kostenlose Probemitgliedschaft in unserem Verband (erhaltet wertvolle Tipps von eurem pers\u00f6nlichen Schreibmentor).<\/li>\n\n\n\n<li>Ruhm und Ehre erwarten euch au\u00dferdem, wenn wir euch und eure Siegertexte auf unsere neue Website stellen. Dort k\u00f6nnen sie \u00fcber Social Media gesehen und geteilt werden.<\/li>\n\n\n\n<li>War es das? Vielleicht haben wir noch mehr in petto \u2026 doch das wird sich erst zeigen, nachdem ihr in die Tasten gehauen habt.<\/li>\n<\/ul>\n\n\n\n<p><strong>Wie teilnehmen?<\/strong><\/p>\n\n\n\n<ol start=\"1\" class=\"wp-block-list\">\n<li>Schickt Eure Geschichte und eine kurze Biographie als Word-Dokument an&nbsp;<a href=\"mailto:schreibwettbewerb@fda-mitte.de\">schreibwettbewerb@fda-mitte.de<\/a>.<\/li>\n\n\n\n<li>Wir senden euch eine Einverst\u00e4ndniserkl\u00e4rung zur\u00fcck, die ihr ausf\u00fcllen m\u00fcsst.<\/li>\n\n\n\n<li>Nachdem unsere Jury eure Texte gesichtet hat, werdet ihr von uns informiert, ob ihr zu den Besten geh\u00f6rt und wie es weitergeht.<\/li>\n<\/ol>\n\n\n\n<p>Wir freuen uns auf Eure sch\u00f6nen Geschichten und w\u00fcnschen euch viel Erfolg!<\/p>\n\n\n\n<p>Herzliche Gr\u00fc\u00dfe,<\/p>\n\n\n\n<p>Die Autorinnen und Autoren des Freien Deutschen Autorenverbandes, Landesverband Mitte<\/p>\n\n\n\n<div data-wp-interactive=\"core\/file\" class=\"wp-block-file\"><object data-wp-bind--hidden=\"!state.hasPdfPreview\" hidden class=\"wp-block-file__embed\" data=\"https:\/\/fda-mitte.de\/wp-content\/uploads\/2025\/03\/FDA-Einreichungsformular-2025.pdf\" type=\"application\/pdf\" style=\"width:100%;height:600px\" aria-label=\"Einbettung von FDA Einreichungsformular 2025.\"><\/object><a id=\"wp-block-file--media-3fbd3476-a97d-41c7-9d67-dd01534b9b27\" href=\"https:\/\/fda-mitte.de\/wp-content\/uploads\/2025\/03\/FDA-Einreichungsformular-2025.pdf\">FDA Einreichungsformular 2025<\/a><a href=\"https:\/\/fda-mitte.de\/wp-content\/uploads\/2025\/03\/FDA-Einreichungsformular-2025.pdf\" class=\"wp-block-file__button wp-element-button\" download aria-describedby=\"wp-block-file--media-3fbd3476-a97d-41c7-9d67-dd01534b9b27\">Herunterladen<\/a><\/div>\n","protected":false},"excerpt":{"rendered":"<p>Schreibwettbewerb \u201eErwachsene und andere komische Wesen\u201c Liebe talentierte Nachwuchsautoren und kreative Geister im Alter von 12 bis 18 Jahren,&nbsp; ihr seid herzlich dazu eingeladen euer schriftstellerisches Talent unter Beweis zu stellen und an unserem Schreibwettbewerb teilzunehmen! Das diesj\u00e4hrige Thema lautet \u201eErwachsene und andere komische Wesen\u201c, und wir k\u00f6nnen es kaum erwarten, dass eure spannenden Geschichten uns zum lachen, schmunzeln, trauern oder gruseln bringen. Teilnahmebedingungen: Warum mitmachen? Wie teilnehmen? Wir freuen uns auf Eure sch\u00f6nen Geschichten und w\u00fcnschen euch viel Erfolg! Herzliche Gr\u00fc\u00dfe, Die Autorinnen und Autoren des Freien Deutschen Autorenverbandes, Landesverband Mitte<\/p>\n","protected":false},"author":1,"featured_media":0,"parent":0,"menu_order":0,"comment_status":"closed","ping_status":"closed","template":"","meta":{"footnotes":""},"class_list":["post-8","page","type-page","status-publish","hentry"],"yoast_head":"<!-- This site is optimized with the Yoast SEO plugin v27.2 - https:\/\/yoast.com\/product\/yoast-seo-wordpress\/ -->\n<title>Ausschreibungen - FDA Mitte<\/title>\n<meta name=\"robots\" content=\"index, follow, max-snippet:-1, max-image-preview:large, max-video-preview:-1\" \/>\n<link rel=\"canonical\" href=\"https:\/\/fda-mitte.de\/index.php\/ausschreibungen\/\" \/>\n<meta property=\"og:locale\" content=\"de_DE\" \/>\n<meta property=\"og:type\" content=\"article\" \/>\n<meta property=\"og:title\" content=\"Ausschreibungen - FDA Mitte\" \/>\n<meta property=\"og:description\" content=\"Schreibwettbewerb \u201eErwachsene und andere komische Wesen\u201c Liebe talentierte Nachwuchsautoren und kreative Geister im Alter von 12 bis 18 Jahren,&nbsp; ihr seid herzlich dazu eingeladen euer schriftstellerisches Talent unter Beweis zu stellen und an unserem Schreibwettbewerb teilzunehmen! Das diesj\u00e4hrige Thema lautet \u201eErwachsene und andere komische Wesen\u201c, und wir k\u00f6nnen es kaum erwarten, dass eure spannenden Geschichten uns zum lachen, schmunzeln, trauern oder gruseln bringen. Teilnahmebedingungen: Warum mitmachen? Wie teilnehmen? Wir freuen uns auf Eure sch\u00f6nen Geschichten und w\u00fcnschen euch viel Erfolg! Herzliche Gr\u00fc\u00dfe, Die Autorinnen und Autoren des Freien Deutschen Autorenverbandes, Landesverband Mitte\" \/>\n<meta property=\"og:url\" content=\"https:\/\/fda-mitte.de\/index.php\/ausschreibungen\/\" \/>\n<meta property=\"og:site_name\" content=\"FDA Mitte\" \/>\n<meta property=\"article:modified_time\" content=\"2025-03-26T18:53:05+00:00\" \/>\n<meta name=\"twitter:card\" content=\"summary_large_image\" \/>\n<meta name=\"twitter:label1\" content=\"Gesch\u00e4tzte Lesezeit\" \/>\n\t<meta name=\"twitter:data1\" content=\"2\u00a0Minuten\" \/>\n<script type=\"application\/ld+json\" class=\"yoast-schema-graph\">{\"@context\":\"https:\/\/schema.org\",\"@graph\":[{\"@type\":\"WebPage\",\"@id\":\"https:\/\/fda-mitte.de\/index.php\/ausschreibungen\/\",\"url\":\"https:\/\/fda-mitte.de\/index.php\/ausschreibungen\/\",\"name\":\"Ausschreibungen - FDA Mitte\",\"isPartOf\":{\"@id\":\"https:\/\/fda-mitte.de\/#website\"},\"datePublished\":\"2024-04-25T15:26:38+00:00\",\"dateModified\":\"2025-03-26T18:53:05+00:00\",\"breadcrumb\":{\"@id\":\"https:\/\/fda-mitte.de\/index.php\/ausschreibungen\/#breadcrumb\"},\"inLanguage\":\"de\",\"potentialAction\":[{\"@type\":\"ReadAction\",\"target\":[\"https:\/\/fda-mitte.de\/index.php\/ausschreibungen\/\"]}]},{\"@type\":\"BreadcrumbList\",\"@id\":\"https:\/\/fda-mitte.de\/index.php\/ausschreibungen\/#breadcrumb\",\"itemListElement\":[{\"@type\":\"ListItem\",\"position\":1,\"name\":\"Startseite\",\"item\":\"https:\/\/fda-mitte.de\/\"},{\"@type\":\"ListItem\",\"position\":2,\"name\":\"Ausschreibungen\"}]},{\"@type\":\"WebSite\",\"@id\":\"https:\/\/fda-mitte.de\/#website\",\"url\":\"https:\/\/fda-mitte.de\/\",\"name\":\"FDA Mitte\",\"description\":\"\",\"publisher\":{\"@id\":\"https:\/\/fda-mitte.de\/#organization\"},\"potentialAction\":[{\"@type\":\"SearchAction\",\"target\":{\"@type\":\"EntryPoint\",\"urlTemplate\":\"https:\/\/fda-mitte.de\/?s={search_term_string}\"},\"query-input\":{\"@type\":\"PropertyValueSpecification\",\"valueRequired\":true,\"valueName\":\"search_term_string\"}}],\"inLanguage\":\"de\"},{\"@type\":\"Organization\",\"@id\":\"https:\/\/fda-mitte.de\/#organization\",\"name\":\"FDA Mitte\",\"url\":\"https:\/\/fda-mitte.de\/\",\"logo\":{\"@type\":\"ImageObject\",\"inLanguage\":\"de\",\"@id\":\"https:\/\/fda-mitte.de\/#\/schema\/logo\/image\/\",\"url\":\"https:\/\/fda-mitte.de\/wp-content\/uploads\/2024\/10\/cropped-Logo_300_dpi-1.jpg\",\"contentUrl\":\"https:\/\/fda-mitte.de\/wp-content\/uploads\/2024\/10\/cropped-Logo_300_dpi-1.jpg\",\"width\":747,\"height\":367,\"caption\":\"FDA Mitte\"},\"image\":{\"@id\":\"https:\/\/fda-mitte.de\/#\/schema\/logo\/image\/\"}}]}<\/script>\n<!-- \/ Yoast SEO plugin. -->","yoast_head_json":{"title":"Ausschreibungen - FDA Mitte","robots":{"index":"index","follow":"follow","max-snippet":"max-snippet:-1","max-image-preview":"max-image-preview:large","max-video-preview":"max-video-preview:-1"},"canonical":"https:\/\/fda-mitte.de\/index.php\/ausschreibungen\/","og_locale":"de_DE","og_type":"article","og_title":"Ausschreibungen - FDA Mitte","og_description":"Schreibwettbewerb \u201eErwachsene und andere komische Wesen\u201c Liebe talentierte Nachwuchsautoren und kreative Geister im Alter von 12 bis 18 Jahren,&nbsp; ihr seid herzlich dazu eingeladen euer schriftstellerisches Talent unter Beweis zu stellen und an unserem Schreibwettbewerb teilzunehmen! Das diesj\u00e4hrige Thema lautet \u201eErwachsene und andere komische Wesen\u201c, und wir k\u00f6nnen es kaum erwarten, dass eure spannenden Geschichten uns zum lachen, schmunzeln, trauern oder gruseln bringen. Teilnahmebedingungen: Warum mitmachen? Wie teilnehmen? Wir freuen uns auf Eure sch\u00f6nen Geschichten und w\u00fcnschen euch viel Erfolg! Herzliche Gr\u00fc\u00dfe, Die Autorinnen und Autoren des Freien Deutschen Autorenverbandes, Landesverband Mitte","og_url":"https:\/\/fda-mitte.de\/index.php\/ausschreibungen\/","og_site_name":"FDA Mitte","article_modified_time":"2025-03-26T18:53:05+00:00","twitter_card":"summary_large_image","twitter_misc":{"Gesch\u00e4tzte Lesezeit":"2\u00a0Minuten"},"schema":{"@context":"https:\/\/schema.org","@graph":[{"@type":"WebPage","@id":"https:\/\/fda-mitte.de\/index.php\/ausschreibungen\/","url":"https:\/\/fda-mitte.de\/index.php\/ausschreibungen\/","name":"Ausschreibungen - FDA Mitte","isPartOf":{"@id":"https:\/\/fda-mitte.de\/#website"},"datePublished":"2024-04-25T15:26:38+00:00","dateModified":"2025-03-26T18:53:05+00:00","breadcrumb":{"@id":"https:\/\/fda-mitte.de\/index.php\/ausschreibungen\/#breadcrumb"},"inLanguage":"de","potentialAction":[{"@type":"ReadAction","target":["https:\/\/fda-mitte.de\/index.php\/ausschreibungen\/"]}]},{"@type":"BreadcrumbList","@id":"https:\/\/fda-mitte.de\/index.php\/ausschreibungen\/#breadcrumb","itemListElement":[{"@type":"ListItem","position":1,"name":"Startseite","item":"https:\/\/fda-mitte.de\/"},{"@type":"ListItem","position":2,"name":"Ausschreibungen"}]},{"@type":"WebSite","@id":"https:\/\/fda-mitte.de\/#website","url":"https:\/\/fda-mitte.de\/","name":"FDA Mitte","description":"","publisher":{"@id":"https:\/\/fda-mitte.de\/#organization"},"potentialAction":[{"@type":"SearchAction","target":{"@type":"EntryPoint","urlTemplate":"https:\/\/fda-mitte.de\/?s={search_term_string}"},"query-input":{"@type":"PropertyValueSpecification","valueRequired":true,"valueName":"search_term_string"}}],"inLanguage":"de"},{"@type":"Organization","@id":"https:\/\/fda-mitte.de\/#organization","name":"FDA Mitte","url":"https:\/\/fda-mitte.de\/","logo":{"@type":"ImageObject","inLanguage":"de","@id":"https:\/\/fda-mitte.de\/#\/schema\/logo\/image\/","url":"https:\/\/fda-mitte.de\/wp-content\/uploads\/2024\/10\/cropped-Logo_300_dpi-1.jpg","contentUrl":"https:\/\/fda-mitte.de\/wp-content\/uploads\/2024\/10\/cropped-Logo_300_dpi-1.jpg","width":747,"height":367,"caption":"FDA Mitte"},"image":{"@id":"https:\/\/fda-mitte.de\/#\/schema\/logo\/image\/"}}]}},"_links":{"self":[{"href":"https:\/\/fda-mitte.de\/index.php\/wp-json\/wp\/v2\/pages\/8","targetHints":{"allow":["GET"]}}],"collection":[{"href":"https:\/\/fda-mitte.de\/index.php\/wp-json\/wp\/v2\/pages"}],"about":[{"href":"https:\/\/fda-mitte.de\/index.php\/wp-json\/wp\/v2\/types\/page"}],"author":[{"embeddable":true,"href":"https:\/\/fda-mitte.de\/index.php\/wp-json\/wp\/v2\/users\/1"}],"replies":[{"embeddable":true,"href":"https:\/\/fda-mitte.de\/index.php\/wp-json\/wp\/v2\/comments?post=8"}],"version-history":[{"count":7,"href":"https:\/\/fda-mitte.de\/index.php\/wp-json\/wp\/v2\/pages\/8\/revisions"}],"predecessor-version":[{"id":217,"href":"https:\/\/fda-mitte.de\/index.php\/wp-json\/wp\/v2\/pages\/8\/revisions\/217"}],"wp:attachment":[{"href":"https:\/\/fda-mitte.de\/index.php\/wp-json\/wp\/v2\/media?parent=8"}],"curies":[{"name":"wp","href":"https:\/\/api.w.org\/{rel}","templated":true}]}}