{"id":164,"date":"2024-09-10T08:13:29","date_gmt":"2024-09-10T08:13:29","guid":{"rendered":"https:\/\/fda-mitte.de\/?page_id=164"},"modified":"2024-09-10T08:16:24","modified_gmt":"2024-09-10T08:16:24","slug":"gedichte-zum-90-geburtstag-von-ilse-toedt","status":"publish","type":"page","link":"https:\/\/fda-mitte.de\/index.php\/publikationen-des-fda-mitte\/gedichte-zum-90-geburtstag-von-ilse-toedt\/","title":{"rendered":"Gedichte zum 90. Geburtstag von Ilse T\u00f6dt"},"content":{"rendered":"\n<h2 class=\"wp-block-heading\">Beschreibung<\/h2>\n\n\n\n<p>Die hier vorliegenden Gedichte zum 90. Geburtstag von Ilse T\u00f6dt sind Texte, welche die Autorin selbst verfasst hat. Unser Verband hat sie durch eine Spendenaktion in Brosch\u00fcrenform gebracht und illustrieren lassen. Wir danken allen Spendern daf\u00fcr, dieses kleine Mirakel m\u00f6glich gemacht zu haben.<\/p>\n\n\n\n<h2 class=\"wp-block-heading\">\u00dcber die Ilustratorin<\/h2>\n\n\n\n<p>Polly Livshits ist Illustratorin aus Frankfurt am Main.<\/p>\n\n\n<div class=\"wp-block-image\">\n<figure class=\"aligncenter size-large\"><img loading=\"lazy\" decoding=\"async\" width=\"1024\" height=\"768\" src=\"https:\/\/fda-mitte.de\/wp-content\/uploads\/2024\/09\/Gedichte_Auszug-1024x768.jpg\" alt=\"\" class=\"wp-image-160\" srcset=\"https:\/\/fda-mitte.de\/wp-content\/uploads\/2024\/09\/Gedichte_Auszug-1024x768.jpg 1024w, https:\/\/fda-mitte.de\/wp-content\/uploads\/2024\/09\/Gedichte_Auszug-300x225.jpg 300w, https:\/\/fda-mitte.de\/wp-content\/uploads\/2024\/09\/Gedichte_Auszug-768x576.jpg 768w, https:\/\/fda-mitte.de\/wp-content\/uploads\/2024\/09\/Gedichte_Auszug-1536x1152.jpg 1536w, https:\/\/fda-mitte.de\/wp-content\/uploads\/2024\/09\/Gedichte_Auszug-2048x1536.jpg 2048w, https:\/\/fda-mitte.de\/wp-content\/uploads\/2024\/09\/Gedichte_Auszug-1140x855.jpg 1140w\" sizes=\"auto, (max-width: 1024px) 100vw, 1024px\" \/><\/figure>\n<\/div>","protected":false},"excerpt":{"rendered":"<p>Beschreibung Die hier vorliegenden Gedichte zum 90. Geburtstag von Ilse T\u00f6dt sind Texte, welche die Autorin selbst verfasst hat. Unser Verband hat sie durch eine Spendenaktion in Brosch\u00fcrenform gebracht und illustrieren lassen. Wir danken allen Spendern daf\u00fcr, dieses kleine Mirakel m\u00f6glich gemacht zu haben. \u00dcber die Ilustratorin Polly Livshits ist Illustratorin aus Frankfurt am Main.<\/p>\n","protected":false},"author":2,"featured_media":161,"parent":136,"menu_order":0,"comment_status":"closed","ping_status":"closed","template":"","meta":{"footnotes":""},"class_list":["post-164","page","type-page","status-publish","has-post-thumbnail","hentry"],"yoast_head":"<!-- This site is optimized with the Yoast SEO plugin v27.2 - https:\/\/yoast.com\/product\/yoast-seo-wordpress\/ -->\n<title>Gedichte zum 90. Geburtstag von Ilse T\u00f6dt - FDA Mitte<\/title>\n<meta name=\"description\" content=\"Wir haben Gedichte zum 90. Geburtstag von Ilse T\u00f6dt, unserem Ehrenmitglied, illustrieren lassen.\" \/>\n<meta name=\"robots\" content=\"index, follow, max-snippet:-1, max-image-preview:large, max-video-preview:-1\" \/>\n<link rel=\"canonical\" href=\"https:\/\/fda-mitte.de\/index.php\/publikationen-des-fda-mitte\/gedichte-zum-90-geburtstag-von-ilse-toedt\/\" \/>\n<meta property=\"og:locale\" content=\"de_DE\" \/>\n<meta property=\"og:type\" content=\"article\" \/>\n<meta property=\"og:title\" content=\"Gedichte zum 90. Geburtstag von Ilse T\u00f6dt - FDA Mitte\" \/>\n<meta property=\"og:description\" content=\"Wir haben Gedichte zum 90. Geburtstag von Ilse T\u00f6dt, unserem Ehrenmitglied, illustrieren lassen.\" \/>\n<meta property=\"og:url\" content=\"https:\/\/fda-mitte.de\/index.php\/publikationen-des-fda-mitte\/gedichte-zum-90-geburtstag-von-ilse-toedt\/\" \/>\n<meta property=\"og:site_name\" content=\"FDA Mitte\" \/>\n<meta property=\"article:modified_time\" content=\"2024-09-10T08:16:24+00:00\" \/>\n<meta property=\"og:image\" content=\"https:\/\/fda-mitte.de\/wp-content\/uploads\/2024\/09\/Gedichte_Titel-scaled.jpg\" \/>\n\t<meta property=\"og:image:width\" content=\"1920\" \/>\n\t<meta property=\"og:image:height\" content=\"2560\" \/>\n\t<meta property=\"og:image:type\" content=\"image\/jpeg\" \/>\n<meta name=\"twitter:card\" content=\"summary_large_image\" \/>\n<meta name=\"twitter:label1\" content=\"Gesch\u00e4tzte Lesezeit\" \/>\n\t<meta name=\"twitter:data1\" content=\"1\u00a0Minute\" \/>\n<script type=\"application\/ld+json\" class=\"yoast-schema-graph\">{\"@context\":\"https:\/\/schema.org\",\"@graph\":[{\"@type\":\"WebPage\",\"@id\":\"https:\/\/fda-mitte.de\/index.php\/publikationen-des-fda-mitte\/gedichte-zum-90-geburtstag-von-ilse-toedt\/\",\"url\":\"https:\/\/fda-mitte.de\/index.php\/publikationen-des-fda-mitte\/gedichte-zum-90-geburtstag-von-ilse-toedt\/\",\"name\":\"Gedichte zum 90. Geburtstag von Ilse T\u00f6dt - FDA Mitte\",\"isPartOf\":{\"@id\":\"https:\/\/fda-mitte.de\/#website\"},\"primaryImageOfPage\":{\"@id\":\"https:\/\/fda-mitte.de\/index.php\/publikationen-des-fda-mitte\/gedichte-zum-90-geburtstag-von-ilse-toedt\/#primaryimage\"},\"image\":{\"@id\":\"https:\/\/fda-mitte.de\/index.php\/publikationen-des-fda-mitte\/gedichte-zum-90-geburtstag-von-ilse-toedt\/#primaryimage\"},\"thumbnailUrl\":\"https:\/\/fda-mitte.de\/wp-content\/uploads\/2024\/09\/Gedichte_Titel-scaled.jpg\",\"datePublished\":\"2024-09-10T08:13:29+00:00\",\"dateModified\":\"2024-09-10T08:16:24+00:00\",\"description\":\"Wir haben Gedichte zum 90. Geburtstag von Ilse T\u00f6dt, unserem Ehrenmitglied, illustrieren lassen.\",\"breadcrumb\":{\"@id\":\"https:\/\/fda-mitte.de\/index.php\/publikationen-des-fda-mitte\/gedichte-zum-90-geburtstag-von-ilse-toedt\/#breadcrumb\"},\"inLanguage\":\"de\",\"potentialAction\":[{\"@type\":\"ReadAction\",\"target\":[\"https:\/\/fda-mitte.de\/index.php\/publikationen-des-fda-mitte\/gedichte-zum-90-geburtstag-von-ilse-toedt\/\"]}]},{\"@type\":\"ImageObject\",\"inLanguage\":\"de\",\"@id\":\"https:\/\/fda-mitte.de\/index.php\/publikationen-des-fda-mitte\/gedichte-zum-90-geburtstag-von-ilse-toedt\/#primaryimage\",\"url\":\"https:\/\/fda-mitte.de\/wp-content\/uploads\/2024\/09\/Gedichte_Titel-scaled.jpg\",\"contentUrl\":\"https:\/\/fda-mitte.de\/wp-content\/uploads\/2024\/09\/Gedichte_Titel-scaled.jpg\",\"width\":1920,\"height\":2560},{\"@type\":\"BreadcrumbList\",\"@id\":\"https:\/\/fda-mitte.de\/index.php\/publikationen-des-fda-mitte\/gedichte-zum-90-geburtstag-von-ilse-toedt\/#breadcrumb\",\"itemListElement\":[{\"@type\":\"ListItem\",\"position\":1,\"name\":\"Startseite\",\"item\":\"https:\/\/fda-mitte.de\/\"},{\"@type\":\"ListItem\",\"position\":2,\"name\":\"Publikationen des FDA Mitte\",\"item\":\"https:\/\/fda-mitte.de\/index.php\/publikationen-des-fda-mitte\/\"},{\"@type\":\"ListItem\",\"position\":3,\"name\":\"Gedichte zum 90. Geburtstag von Ilse T\u00f6dt\"}]},{\"@type\":\"WebSite\",\"@id\":\"https:\/\/fda-mitte.de\/#website\",\"url\":\"https:\/\/fda-mitte.de\/\",\"name\":\"FDA Mitte\",\"description\":\"\",\"publisher\":{\"@id\":\"https:\/\/fda-mitte.de\/#organization\"},\"potentialAction\":[{\"@type\":\"SearchAction\",\"target\":{\"@type\":\"EntryPoint\",\"urlTemplate\":\"https:\/\/fda-mitte.de\/?s={search_term_string}\"},\"query-input\":{\"@type\":\"PropertyValueSpecification\",\"valueRequired\":true,\"valueName\":\"search_term_string\"}}],\"inLanguage\":\"de\"},{\"@type\":\"Organization\",\"@id\":\"https:\/\/fda-mitte.de\/#organization\",\"name\":\"FDA Mitte\",\"url\":\"https:\/\/fda-mitte.de\/\",\"logo\":{\"@type\":\"ImageObject\",\"inLanguage\":\"de\",\"@id\":\"https:\/\/fda-mitte.de\/#\/schema\/logo\/image\/\",\"url\":\"https:\/\/fda-mitte.de\/wp-content\/uploads\/2024\/10\/cropped-Logo_300_dpi-1.jpg\",\"contentUrl\":\"https:\/\/fda-mitte.de\/wp-content\/uploads\/2024\/10\/cropped-Logo_300_dpi-1.jpg\",\"width\":747,\"height\":367,\"caption\":\"FDA Mitte\"},\"image\":{\"@id\":\"https:\/\/fda-mitte.de\/#\/schema\/logo\/image\/\"}}]}<\/script>\n<!-- \/ Yoast SEO plugin. -->","yoast_head_json":{"title":"Gedichte zum 90. Geburtstag von Ilse T\u00f6dt - FDA Mitte","description":"Wir haben Gedichte zum 90. Geburtstag von Ilse T\u00f6dt, unserem Ehrenmitglied, illustrieren lassen.","robots":{"index":"index","follow":"follow","max-snippet":"max-snippet:-1","max-image-preview":"max-image-preview:large","max-video-preview":"max-video-preview:-1"},"canonical":"https:\/\/fda-mitte.de\/index.php\/publikationen-des-fda-mitte\/gedichte-zum-90-geburtstag-von-ilse-toedt\/","og_locale":"de_DE","og_type":"article","og_title":"Gedichte zum 90. Geburtstag von Ilse T\u00f6dt - FDA Mitte","og_description":"Wir haben Gedichte zum 90. Geburtstag von Ilse T\u00f6dt, unserem Ehrenmitglied, illustrieren lassen.","og_url":"https:\/\/fda-mitte.de\/index.php\/publikationen-des-fda-mitte\/gedichte-zum-90-geburtstag-von-ilse-toedt\/","og_site_name":"FDA Mitte","article_modified_time":"2024-09-10T08:16:24+00:00","og_image":[{"width":1920,"height":2560,"url":"https:\/\/fda-mitte.de\/wp-content\/uploads\/2024\/09\/Gedichte_Titel-scaled.jpg","type":"image\/jpeg"}],"twitter_card":"summary_large_image","twitter_misc":{"Gesch\u00e4tzte Lesezeit":"1\u00a0Minute"},"schema":{"@context":"https:\/\/schema.org","@graph":[{"@type":"WebPage","@id":"https:\/\/fda-mitte.de\/index.php\/publikationen-des-fda-mitte\/gedichte-zum-90-geburtstag-von-ilse-toedt\/","url":"https:\/\/fda-mitte.de\/index.php\/publikationen-des-fda-mitte\/gedichte-zum-90-geburtstag-von-ilse-toedt\/","name":"Gedichte zum 90. Geburtstag von Ilse T\u00f6dt - FDA Mitte","isPartOf":{"@id":"https:\/\/fda-mitte.de\/#website"},"primaryImageOfPage":{"@id":"https:\/\/fda-mitte.de\/index.php\/publikationen-des-fda-mitte\/gedichte-zum-90-geburtstag-von-ilse-toedt\/#primaryimage"},"image":{"@id":"https:\/\/fda-mitte.de\/index.php\/publikationen-des-fda-mitte\/gedichte-zum-90-geburtstag-von-ilse-toedt\/#primaryimage"},"thumbnailUrl":"https:\/\/fda-mitte.de\/wp-content\/uploads\/2024\/09\/Gedichte_Titel-scaled.jpg","datePublished":"2024-09-10T08:13:29+00:00","dateModified":"2024-09-10T08:16:24+00:00","description":"Wir haben Gedichte zum 90. Geburtstag von Ilse T\u00f6dt, unserem Ehrenmitglied, illustrieren lassen.","breadcrumb":{"@id":"https:\/\/fda-mitte.de\/index.php\/publikationen-des-fda-mitte\/gedichte-zum-90-geburtstag-von-ilse-toedt\/#breadcrumb"},"inLanguage":"de","potentialAction":[{"@type":"ReadAction","target":["https:\/\/fda-mitte.de\/index.php\/publikationen-des-fda-mitte\/gedichte-zum-90-geburtstag-von-ilse-toedt\/"]}]},{"@type":"ImageObject","inLanguage":"de","@id":"https:\/\/fda-mitte.de\/index.php\/publikationen-des-fda-mitte\/gedichte-zum-90-geburtstag-von-ilse-toedt\/#primaryimage","url":"https:\/\/fda-mitte.de\/wp-content\/uploads\/2024\/09\/Gedichte_Titel-scaled.jpg","contentUrl":"https:\/\/fda-mitte.de\/wp-content\/uploads\/2024\/09\/Gedichte_Titel-scaled.jpg","width":1920,"height":2560},{"@type":"BreadcrumbList","@id":"https:\/\/fda-mitte.de\/index.php\/publikationen-des-fda-mitte\/gedichte-zum-90-geburtstag-von-ilse-toedt\/#breadcrumb","itemListElement":[{"@type":"ListItem","position":1,"name":"Startseite","item":"https:\/\/fda-mitte.de\/"},{"@type":"ListItem","position":2,"name":"Publikationen des FDA Mitte","item":"https:\/\/fda-mitte.de\/index.php\/publikationen-des-fda-mitte\/"},{"@type":"ListItem","position":3,"name":"Gedichte zum 90. Geburtstag von Ilse T\u00f6dt"}]},{"@type":"WebSite","@id":"https:\/\/fda-mitte.de\/#website","url":"https:\/\/fda-mitte.de\/","name":"FDA Mitte","description":"","publisher":{"@id":"https:\/\/fda-mitte.de\/#organization"},"potentialAction":[{"@type":"SearchAction","target":{"@type":"EntryPoint","urlTemplate":"https:\/\/fda-mitte.de\/?s={search_term_string}"},"query-input":{"@type":"PropertyValueSpecification","valueRequired":true,"valueName":"search_term_string"}}],"inLanguage":"de"},{"@type":"Organization","@id":"https:\/\/fda-mitte.de\/#organization","name":"FDA Mitte","url":"https:\/\/fda-mitte.de\/","logo":{"@type":"ImageObject","inLanguage":"de","@id":"https:\/\/fda-mitte.de\/#\/schema\/logo\/image\/","url":"https:\/\/fda-mitte.de\/wp-content\/uploads\/2024\/10\/cropped-Logo_300_dpi-1.jpg","contentUrl":"https:\/\/fda-mitte.de\/wp-content\/uploads\/2024\/10\/cropped-Logo_300_dpi-1.jpg","width":747,"height":367,"caption":"FDA Mitte"},"image":{"@id":"https:\/\/fda-mitte.de\/#\/schema\/logo\/image\/"}}]}},"_links":{"self":[{"href":"https:\/\/fda-mitte.de\/index.php\/wp-json\/wp\/v2\/pages\/164","targetHints":{"allow":["GET"]}}],"collection":[{"href":"https:\/\/fda-mitte.de\/index.php\/wp-json\/wp\/v2\/pages"}],"about":[{"href":"https:\/\/fda-mitte.de\/index.php\/wp-json\/wp\/v2\/types\/page"}],"author":[{"embeddable":true,"href":"https:\/\/fda-mitte.de\/index.php\/wp-json\/wp\/v2\/users\/2"}],"replies":[{"embeddable":true,"href":"https:\/\/fda-mitte.de\/index.php\/wp-json\/wp\/v2\/comments?post=164"}],"version-history":[{"count":3,"href":"https:\/\/fda-mitte.de\/index.php\/wp-json\/wp\/v2\/pages\/164\/revisions"}],"predecessor-version":[{"id":167,"href":"https:\/\/fda-mitte.de\/index.php\/wp-json\/wp\/v2\/pages\/164\/revisions\/167"}],"up":[{"embeddable":true,"href":"https:\/\/fda-mitte.de\/index.php\/wp-json\/wp\/v2\/pages\/136"}],"wp:featuredmedia":[{"embeddable":true,"href":"https:\/\/fda-mitte.de\/index.php\/wp-json\/wp\/v2\/media\/161"}],"wp:attachment":[{"href":"https:\/\/fda-mitte.de\/index.php\/wp-json\/wp\/v2\/media?parent=164"}],"curies":[{"name":"wp","href":"https:\/\/api.w.org\/{rel}","templated":true}]}}

Gedichte zum 90. Geburtstag von Ilse Tödt

<h2 class="wp-block-heading">Beschreibung</h2>



<p>Die hier vorliegenden Gedichte zum 90. Geburtstag von Ilse Tödt sind Texte, welche die Autorin selbst verfasst hat. Unser Verband hat sie durch eine Spendenaktion in Broschürenform gebracht und illustrieren lassen. Wir danken allen Spendern dafür, dieses kleine Mirakel möglich gemacht zu haben.</p>



<h2 class="wp-block-heading">Über die Ilustratorin</h2>



<p>Polly Livshits ist Illustratorin aus Frankfurt am Main.</p>


<div class="wp-block-image">
<figure class="aligncenter size-large"><img loading="lazy" decoding="async" width="1024" height="768" src="https://fda-mitte.de/wp-content/uploads/2024/09/Gedichte_Auszug-1024x768.jpg" alt="" class="wp-image-160" srcset="https://fda-mitte.de/wp-content/uploads/2024/09/Gedichte_Auszug-1024x768.jpg 1024w, https://fda-mitte.de/wp-content/uploads/2024/09/Gedichte_Auszug-300x225.jpg 300w, https://fda-mitte.de/wp-content/uploads/2024/09/Gedichte_Auszug-768x576.jpg 768w, https://fda-mitte.de/wp-content/uploads/2024/09/Gedichte_Auszug-1536x1152.jpg 1536w, https://fda-mitte.de/wp-content/uploads/2024/09/Gedichte_Auszug-2048x1536.jpg 2048w, https://fda-mitte.de/wp-content/uploads/2024/09/Gedichte_Auszug-1140x855.jpg 1140w" sizes="auto, (max-width: 1024px) 100vw, 1024px" /></figure>
</div>

<p>Beschreibung Die hier vorliegenden Gedichte zum 90. Geburtstag von Ilse Tödt sind Texte, welche die Autorin selbst verfasst hat. Unser Verband hat sie durch eine Spendenaktion in Broschürenform gebracht und illustrieren lassen. Wir danken allen Spendern dafür, dieses kleine Mirakel möglich gemacht zu haben. Über die Ilustratorin Polly Livshits ist Illustratorin aus Frankfurt am Main.</p>

<!-- This site is optimized with the Yoast SEO plugin v27.2 - https://yoast.com/product/yoast-seo-wordpress/ -->
<title>Gedichte zum 90. Geburtstag von Ilse Tödt - FDA Mitte</title>
<meta name="description" content="Wir haben Gedichte zum 90. Geburtstag von Ilse Tödt, unserem Ehrenmitglied, illustrieren lassen." />
<meta name="robots" content="index, follow, max-snippet:-1, max-image-preview:large, max-video-preview:-1" />
<link rel="canonical" href="https://fda-mitte.de/index.php/publikationen-des-fda-mitte/gedichte-zum-90-geburtstag-von-ilse-toedt/" />
<meta property="og:locale" content="de_DE" />
<meta property="og:type" content="article" />
<meta property="og:title" content="Gedichte zum 90. Geburtstag von Ilse Tödt - FDA Mitte" />
<meta property="og:description" content="Wir haben Gedichte zum 90. Geburtstag von Ilse Tödt, unserem Ehrenmitglied, illustrieren lassen." />
<meta property="og:url" content="https://fda-mitte.de/index.php/publikationen-des-fda-mitte/gedichte-zum-90-geburtstag-von-ilse-toedt/" />
<meta property="og:site_name" content="FDA Mitte" />
<meta property="article:modified_time" content="2024-09-10T08:16:24+00:00" />
<meta property="og:image" content="https://fda-mitte.de/wp-content/uploads/2024/09/Gedichte_Titel-scaled.jpg" />
	<meta property="og:image:width" content="1920" />
	<meta property="og:image:height" content="2560" />
	<meta property="og:image:type" content="image/jpeg" />
<meta name="twitter:card" content="summary_large_image" />
<meta name="twitter:label1" content="Geschätzte Lesezeit" />
	<meta name="twitter:data1" content="1 Minute" />
<script type="application/ld+json" class="yoast-schema-graph">{"@context":"https://schema.org","@graph":[{"@type":"WebPage","@id":"https://fda-mitte.de/index.php/publikationen-des-fda-mitte/gedichte-zum-90-geburtstag-von-ilse-toedt/","url":"https://fda-mitte.de/index.php/publikationen-des-fda-mitte/gedichte-zum-90-geburtstag-von-ilse-toedt/","name":"Gedichte zum 90. Geburtstag von Ilse Tödt - FDA Mitte","isPartOf":{"@id":"https://fda-mitte.de/#website"},"primaryImageOfPage":{"@id":"https://fda-mitte.de/index.php/publikationen-des-fda-mitte/gedichte-zum-90-geburtstag-von-ilse-toedt/#primaryimage"},"image":{"@id":"https://fda-mitte.de/index.php/publikationen-des-fda-mitte/gedichte-zum-90-geburtstag-von-ilse-toedt/#primaryimage"},"thumbnailUrl":"https://fda-mitte.de/wp-content/uploads/2024/09/Gedichte_Titel-scaled.jpg","datePublished":"2024-09-10T08:13:29+00:00","dateModified":"2024-09-10T08:16:24+00:00","description":"Wir haben Gedichte zum 90. Geburtstag von Ilse Tödt, unserem Ehrenmitglied, illustrieren lassen.","breadcrumb":{"@id":"https://fda-mitte.de/index.php/publikationen-des-fda-mitte/gedichte-zum-90-geburtstag-von-ilse-toedt/#breadcrumb"},"inLanguage":"de","potentialAction":[{"@type":"ReadAction","target":["https://fda-mitte.de/index.php/publikationen-des-fda-mitte/gedichte-zum-90-geburtstag-von-ilse-toedt/"]}]},{"@type":"ImageObject","inLanguage":"de","@id":"https://fda-mitte.de/index.php/publikationen-des-fda-mitte/gedichte-zum-90-geburtstag-von-ilse-toedt/#primaryimage","url":"https://fda-mitte.de/wp-content/uploads/2024/09/Gedichte_Titel-scaled.jpg","contentUrl":"https://fda-mitte.de/wp-content/uploads/2024/09/Gedichte_Titel-scaled.jpg","width":1920,"height":2560},{"@type":"BreadcrumbList","@id":"https://fda-mitte.de/index.php/publikationen-des-fda-mitte/gedichte-zum-90-geburtstag-von-ilse-toedt/#breadcrumb","itemListElement":[{"@type":"ListItem","position":1,"name":"Startseite","item":"https://fda-mitte.de/"},{"@type":"ListItem","position":2,"name":"Publikationen des FDA Mitte","item":"https://fda-mitte.de/index.php/publikationen-des-fda-mitte/"},{"@type":"ListItem","position":3,"name":"Gedichte zum 90. Geburtstag von Ilse Tödt"}]},{"@type":"WebSite","@id":"https://fda-mitte.de/#website","url":"https://fda-mitte.de/","name":"FDA Mitte","description":"","publisher":{"@id":"https://fda-mitte.de/#organization"},"potentialAction":[{"@type":"SearchAction","target":{"@type":"EntryPoint","urlTemplate":"https://fda-mitte.de/?s={search_term_string}"},"query-input":{"@type":"PropertyValueSpecification","valueRequired":true,"valueName":"search_term_string"}}],"inLanguage":"de"},{"@type":"Organization","@id":"https://fda-mitte.de/#organization","name":"FDA Mitte","url":"https://fda-mitte.de/","logo":{"@type":"ImageObject","inLanguage":"de","@id":"https://fda-mitte.de/#/schema/logo/image/","url":"https://fda-mitte.de/wp-content/uploads/2024/10/cropped-Logo_300_dpi-1.jpg","contentUrl":"https://fda-mitte.de/wp-content/uploads/2024/10/cropped-Logo_300_dpi-1.jpg","width":747,"height":367,"caption":"FDA Mitte"},"image":{"@id":"https://fda-mitte.de/#/schema/logo/image/"}}]}</script>
<!-- / Yoast SEO plugin. -->

Gedichte zum 90. Geburtstag von Ilse Tödt - FDA Mitte

Wir haben Gedichte zum 90. Geburtstag von Ilse Tödt, unserem Ehrenmitglied, illustrieren lassen.
